 is the units digit of 79798012?
2
What is the tens digit of 5877295307?
0
What is the millions digit of 42529273?
2
What is the hundred millions digit of 146885491?
1
What is the hundred millions digit of 609093720?
6
What is the hundred thousands digit of 6444972373?
9
What is the ten millions digit of 805151554?
0
What is the units digit of 16778438?
8
What is the hundred thousands digit of 1501215678?
2
What is the hundred thousands digit of 2151185042?
1
What is the units digit of 33700893?
3
What is the units digit of 1341318?
8
What is the hundreds digit of 55726744?
7
What is the units digit of 468792142?
2
What is the millions digit of 44941285?
4
What is the thousands digit of 18895705?
5
What is the hundreds digit of 2530846503?
5
What is the thousands digit of 142670163?
0
What is the thousands digit of 638795108?
5
What is the ten millions digit of 4679928658?
7
What is the thousands digit of 1074848575?
8
What is the tens digit of 18188873?
7
What is the hundreds digit of 28639496?
4
What is the ten thousands digit of 2279010550?
1
What is the units digit of 85778547?
7
What is the units digit of 82108784?
4
What is the tens digit of 56610506?
0
What is the hundreds digit of 44365107?
1
What is the tens digit of 355816392?
9
What is the ten thousands digit of 47686590?
8
What is the hundred thousands digit of 436751878?
7
What is the ten thousands digit of 51258977?
5
What is the units digit of 217635243?
3
What is the hundred thousands digit of 3778544?
7
What is the millions digit of 3023342532?
3
What is the thousands digit of 52994608?
4
What is the millions digit of 6864126?
6
What is the tens digit of 1775748993?
9
What is the tens digit of 120004470?
7
What is the hundreds digit of 6162689439?
4
What is the units digit of 3958817814?
4
What is the thousands digit of 400248818?
8
What is the ten thousands digit of 151689470?
8
What is the hundreds digit of 80251683?
6
What is the hundred thousands digit of 32594471?
5
What is the hundred thousands digit of 2506616719?
6
What is the ten thousands digit of 19338111?
3
What is the hundreds digit of 2570835?
8
What is the thousands digit of 232180025?
0
What is the hundreds digit of 2919353541?
5
What is the hundreds digit of 82510066?
0
What is the tens digit of 66740792?
9
What is the tens digit of 51787182?
8
What is the tens digit of 96846736?
3
What is the ten thousands digit of 32105905?
0
What is the ten thousands digit of 181958929?
5
What is the millions digit of 247047712?
7
What is the thousands digit of 26618589?
8
What is the units digit of 982409714?
4
What is the millions digit of 47643254?
7
What is the hundred millions digit of 4684365115?
6
What is the millions digit of 23586380?
3
What is the hundreds digit of 443253309?
3
What is the hundred thousands digit of 2554799523?
7
What is the ten millions digit of 8193364656?
9
What is the ten thousands digit of 600576817?
7
What is the thousands digit of 371397060?
7
What is the hundred thousands digit of 1675004170?
0
What is the tens digit of 242709336?
3
What is the ten thousands digit of 246399818?
9
What is the thousands digit of 553544848?
4
What is the ten thousands digit of 61680133?
8
What is the thousands digit of 2313103145?
3
What is the hundred thousands digit of 130435041?
4
What is the ten millions digit of 187901247?
8
What is the millions digit of 367819107?
7
What is the ten millions digit of 2784170913?
8
What is the tens digit of 678864549?
4
What is the millions digit of 12979732?
2
What is the tens digit of 164715787?
8
What is the ten thousands digit of 24125970?
2
What is the ten millions digit of 267158071?
6
What is the units digit of 1076654792?
2
What is the units digit of 620277435?
5
What is the tens digit of 404351399?
9
What is the thousands digit of 110557718?
7
What is the units digit of 648620996?
6
What is the hundred millions digit of 165055108?
1
What is the hundred thousands digit of 1707016490?
0
What is the ten thousands digit of 1779438156?
3
What is the hundred millions digit of 295798878?
2
What is the ten thousands digit of 86814590?
1
What is the thousands digit of 68091697?
1
What is the ten millions digit of 219385483?
1
What is the hundred thousands digit of 30924612?
9
What is the hundred thousands digit of 253550108?
5
What is the hundred thousands digit of 1336855651?
8
What is the hundreds digit of 10370086?
0
What is the thousands digit of 1252671595?
1
What is the hundreds digit of 31876072?
0
What is the tens digit of 722808020?
2
What is the ten thousands digit of 59259374?
5
What is the ten thousands digit of 67929132?
2
What is the hundred thousands digit of 180057060?
0
What is the ten thousands digit of 1973636988?
3
What is the ten millions digit of 1362096974?
6
What is the ten millions digit of 1112510418?
1
What is the ten thousands digit of 71425473?
2
What is the millions digit of 405279661?
5
What is the millions digit of 48212747?
8
What is the millions digit of 32555810?
2
What is the ten millions digit of 952235732?
5
What is the ten thousands digit of 29885445?
8
What is the tens digit of 242851510?
1
What is the ten millions digit of 235674532?
3
What is the hundred thousands digit of 3591615?
5
What is the tens digit of 133513552?
5
What is the hundreds digit of 250718547?
5
What is the tens digit of 4702538290?
9
What is the ten millions digit of 128500813?
2
What is the millions digit of 82534644?
2
What is the tens digit of 619930453?
5
What is the hundred millions digit of 6756697406?
7
What is the millions digit of 1841815282?
1
What is the hundreds digit of 354563163?
1
What is the thousands digit of 107048164?
8
What is the thousands digit of 347334331?
4
What is the hundred millions digit of 3343280236?
3
What is the hundreds digit of 47619885?
8
What is the hundred thousands digit of 1325616198?
6
What is the hundreds digit of 1645042762?
7
What is the millions digit of 40917889?
0
What is the hundreds digit of 288427337?
3
What is the thousands digit of 337910421?
0
What is the hundred thousands digit of 168746834?
7
What is the tens digit of 140262285?
8
What is the hundred thousands digit of 75034569?
0
What is the hundreds digit of 21818684?
6
What is the ten thousands digit of 1083702633?
0
What is the ten millions digit of 941682699?
4
What is the tens digit of 96643129?
2
What is the ten millions digit of 10888197?
1
What is the hundred thousands digit of 2931607416?
6
What is the hundred millions digit of 2877703568?
8
What is the ten millions digit of 16404745?
1
What is the millions digit of 122170825?
2
What is the ten millions digit of 17899087?
1
What is the thousands digit of 146026643?
6
What is the hundred millions digit of 1680597755?
6
What is the thousands digit of 343987678?
7
What is the tens digit of 73575736?
3
What is the ten thousands digit of 3913404368?
0
What is the hundred thousands digit of 196225167?
2
What is the hundreds digit of 44032717?
7
What is the millions digit of 61449427?
1
What is the hundred millions digit of 1989878163?
9
What is the hundred millions digit of 661266303?
6
What is the thousands digit of 71697827?
7
What is the hundred millions digit of 458364384?
4
What is the units digit of 5833941?
1
What is the units digit of 92367622?
2
What is the hundreds digit of 209012794?
7
What is the hundred millions digit of 136596331?
1
What is the hundreds digit of 1204905146?
1
What is the units digit of 5091903403?
3
What is the ten thousands digit of 314390341?
9
What is the hundred thousands digit of 6484876864?
8
What is the tens digit of 42896418?
1
What is the ten millions digit of 110564238?
1
What is the units digit of 46081792?
2
What is the units digit of 2029695593?
3
What is the ten thousands digit of 220801772?
0
What is the ten millions digit of 116072773?
1
What is the units digit of 430406022?
2
What is the ten thousands digit of 101680690?
8
What is the millions digit of 60746806?
0
What is the units digit of 61608893?
3
What is the thousands digit of 668556987?
6
What is the hundreds digit of 308984115?
1
What is the thousands digit of 698970857?
0
What is the tens digit of 217051828?
2
What is the millions digit of 1154193851?
4
What is the hundreds digit of 15972048?